{"id":33,"date":"2026-02-22T17:56:56","date_gmt":"2026-02-22T17:56:56","guid":{"rendered":"https:\/\/perlesdebolonia.com\/?page_id=33"},"modified":"2026-02-22T18:06:22","modified_gmt":"2026-02-22T18:06:22","slug":"mentions-legales","status":"publish","type":"page","link":"https:\/\/perlesdebolonia.com\/index.php\/mentions-legales\/","title":{"rendered":"Mentions l\u00e9gales"},"content":{"rendered":"\n<div class=\"wp-block-group alignfull is-layout-flow wp-block-group-is-layout-flow\">\n<div class=\"wp-block-group alignfull has-global-padding is-layout-constrained wp-block-group-is-layout-constrained\" style=\"padding-top:var(--wp--preset--spacing--50);padding-bottom:var(--wp--preset--spacing--50)\">\n<div class=\"wp-block-columns alignwide is-layout-flex wp-container-core-columns-is-layout-55c14dbb wp-block-columns-is-layout-flex\" style=\"padding-top:var(--wp--preset--spacing--80);padding-bottom:var(--wp--preset--spacing--50)\">\n<div class=\"wp-block-column is-layout-flow wp-block-column-is-layout-flow\" style=\"flex-basis:50%\">\n<h2 class=\"wp-block-heading alignwide has-x-large-font-size\">\u00c9diteur du site<\/h2>\n\n\n\n<p>Nom de l\u2019\u00e9levage: \u00c9levage Perles de Bolonia<\/p>\n\n\n\n<p>Responsable: Romero Laurie<\/p>\n\n\n\n<p>Statut: \u00c9leveur canin<\/p>\n\n\n\n<p>Num\u00e9ro SIRET: 991115379 00018<\/p>\n\n\n\n<p>Adresse: Fresnes-en-Wo\u00ebvre 55160<\/p>\n\n\n\n<p>Email: contact@perlesdebolonia.com<\/p>\n\n\n\n<h2 class=\"wp-block-heading\"><strong>H\u00e9bergement<\/strong><\/h2>\n\n\n\n<p>Le site est h\u00e9berg\u00e9 par:<\/p>\n\n\n\n<p>OVH SAS<\/p>\n\n\n\n<p>2 rue Kellermann<\/p>\n\n\n\n<p> 59100 Roubaix \u2013 France<\/p>\n\n\n\n<p>Site internet : www.ovhcloud.com<\/p>\n\n\n\n<h2 class=\"wp-block-heading\">Propri\u00e9t\u00e9 intellectuelle <\/h2>\n\n\n\n<p>L\u2019ensemble du contenu pr\u00e9sent sur le site (textes, images, photographies, logo) est la propri\u00e9t\u00e9 exclusive de l\u2019\u00c9levage Perles de Bolonia, sauf mention contraire. Toute reproduction, distribution ou utilisation sans autorisation pr\u00e9alable est interdite.<\/p>\n\n\n\n<h2 class=\"wp-block-heading\">Protection des donn\u00e9es personnelles<\/h2>\n\n\n\n<p>Les informations recueillies via le formulaire de contact sont utilis\u00e9es uniquement pour r\u00e9pondre aux demandes des visiteurs. Aucune donn\u00e9e personnelle n\u2019est vendue ni transmise \u00e0 des tiers. <\/p>\n\n\n\n<p>Conform\u00e9ment au R\u00e8glement G\u00e9n\u00e9ral sur la Protection des Donn\u00e9es (RGPD), vous pouvez demander la modification ou la suppression de vos donn\u00e9es en contactant : contact@perlesdebolonia.com.<\/p>\n\n\n\n<h2 class=\"wp-block-heading\">Cookies<\/h2>\n\n\n\n<p>Le site peut utiliser des cookies \u00e0 des fins de fonctionnement et de statistiques de visite.<\/p>\n<\/div>\n\n\n\n<div class=\"wp-block-column is-layout-flow wp-block-column-is-layout-flow\" style=\"flex-basis:50%\">\n<div style=\"height:var(--wp--preset--spacing--20)\" aria-hidden=\"true\" class=\"wp-block-spacer\"><\/div>\n<\/div>\n<\/div>\n<\/div>\n<\/div>\n","protected":false},"excerpt":{"rendered":"<p>\u00c9diteur du site Nom de l\u2019\u00e9levage: \u00c9levage Perles de Bolonia Responsable: Romero Laurie Statut: \u00c9leveur canin Num\u00e9ro SIRET: 991115379 00018 Adresse: Fresnes-en-Wo\u00ebvre 55160 Email: contact@perlesdebolonia.com H\u00e9bergement Le site est h\u00e9berg\u00e9 par: OVH SAS 2 rue Kellermann 59100 Roubaix \u2013 France Site internet : www.ovhcloud.com Propri\u00e9t\u00e9 intellectuelle L\u2019ensemble du contenu pr\u00e9sent sur le site (textes, images, [&hellip;]<\/p>\n","protected":false},"author":1,"featured_media":0,"parent":0,"menu_order":0,"comment_status":"closed","ping_status":"closed","template":"","meta":{"footnotes":""},"class_list":["post-33","page","type-page","status-publish","hentry"],"jetpack_sharing_enabled":true,"_links":{"self":[{"href":"https:\/\/perlesdebolonia.com\/index.php\/wp-json\/wp\/v2\/pages\/33","targetHints":{"allow":["GET"]}}],"collection":[{"href":"https:\/\/perlesdebolonia.com\/index.php\/wp-json\/wp\/v2\/pages"}],"about":[{"href":"https:\/\/perlesdebolonia.com\/index.php\/wp-json\/wp\/v2\/types\/page"}],"author":[{"embeddable":true,"href":"https:\/\/perlesdebolonia.com\/index.php\/wp-json\/wp\/v2\/users\/1"}],"replies":[{"embeddable":true,"href":"https:\/\/perlesdebolonia.com\/index.php\/wp-json\/wp\/v2\/comments?post=33"}],"version-history":[{"count":2,"href":"https:\/\/perlesdebolonia.com\/index.php\/wp-json\/wp\/v2\/pages\/33\/revisions"}],"predecessor-version":[{"id":37,"href":"https:\/\/perlesdebolonia.com\/index.php\/wp-json\/wp\/v2\/pages\/33\/revisions\/37"}],"wp:attachment":[{"href":"https:\/\/perlesdebolonia.com\/index.php\/wp-json\/wp\/v2\/media?parent=33"}],"curies":[{"name":"wp","href":"https:\/\/api.w.org\/{rel}","templated":true}]}}