{"id":7,"date":"2026-02-22T16:12:12","date_gmt":"2026-02-22T16:12:12","guid":{"rendered":"https:\/\/perlesdebolonia.com\/?page_id=7"},"modified":"2026-02-22T16:12:41","modified_gmt":"2026-02-22T16:12:41","slug":"accueil","status":"publish","type":"page","link":"https:\/\/perlesdebolonia.com\/index.php\/accueil\/","title":{"rendered":"Accueil"},"content":{"rendered":"\n<p> Bienvenue \u00e0 l\u2019\u00c9levage Perles de Bolonia.<br>Nous \u00e9levons des Bichons Bolonais LOF dans un environnement familial, avec passion et respect du bien-\u00eatre animal.<br>Nos chiens vivent \u00e0 nos c\u00f4t\u00e9s au quotidien.<br>Une port\u00e9e de chiots est attendue prochainement \ud83e\udd0d<br>Pour toute demande d\u2019information ou r\u00e9servation, merci de nous contacter.<\/p>\n\n\n\n<p><\/p>\n","protected":false},"excerpt":{"rendered":"<p>Bienvenue \u00e0 l\u2019\u00c9levage Perles de Bolonia.Nous \u00e9levons des Bichons Bolonais LOF dans un environnement familial, avec passion et respect du bien-\u00eatre animal.Nos chiens vivent \u00e0 nos c\u00f4t\u00e9s au quotidien.Une port\u00e9e de chiots est attendue prochainement \ud83e\udd0dPour toute demande d\u2019information ou r\u00e9servation, merci de nous contacter.<\/p>\n","protected":false},"author":1,"featured_media":0,"parent":0,"menu_order":0,"comment_status":"open","ping_status":"closed","template":"","meta":{"footnotes":""},"class_list":["post-7","page","type-page","status-publish","hentry"],"jetpack_sharing_enabled":true,"_links":{"self":[{"href":"https:\/\/perlesdebolonia.com\/index.php\/wp-json\/wp\/v2\/pages\/7","targetHints":{"allow":["GET"]}}],"collection":[{"href":"https:\/\/perlesdebolonia.com\/index.php\/wp-json\/wp\/v2\/pages"}],"about":[{"href":"https:\/\/perlesdebolonia.com\/index.php\/wp-json\/wp\/v2\/types\/page"}],"author":[{"embeddable":true,"href":"https:\/\/perlesdebolonia.com\/index.php\/wp-json\/wp\/v2\/users\/1"}],"replies":[{"embeddable":true,"href":"https:\/\/perlesdebolonia.com\/index.php\/wp-json\/wp\/v2\/comments?post=7"}],"version-history":[{"count":1,"href":"https:\/\/perlesdebolonia.com\/index.php\/wp-json\/wp\/v2\/pages\/7\/revisions"}],"predecessor-version":[{"id":8,"href":"https:\/\/perlesdebolonia.com\/index.php\/wp-json\/wp\/v2\/pages\/7\/revisions\/8"}],"wp:attachment":[{"href":"https:\/\/perlesdebolonia.com\/index.php\/wp-json\/wp\/v2\/media?parent=7"}],"curies":[{"name":"wp","href":"https:\/\/api.w.org\/{rel}","templated":true}]}}